ose -3*r + 16*t - 18*t + 22436 = 0, 3*r - 5*t - 22408 = 0. What is the units digit of r?
6
Let f(j) be the second derivative of j**5/15 + j**4/3 + 4*j**3 + 6*j**2 + j. Let k(w) be the first derivative of f(w). What is the hundreds digit of k(-7)?
1
Suppose 2*d - u = 39 + 6, 4*u + 20 = 0. Suppose d*f - 17*f - 2223 = 0. Suppose -564 = -9*o + f. What is the hundreds digit of o?
1
Let j(t) = t**2 - 3*t - 3. Let o be j(-1). Let y be o*((-620)/(-45) - (-2)/9). What is the units digit of 10152/56 - 4/y?
1
Let t = 14299 - 8203. What is the hundreds digit of t/15 + -3 - 2/5?
4
What is the units digit of (2 + 17/(-3))/(-8*18/117072)?
1
Let g(x) = -29*x**3 - 15*x**2 + 7*x + 16. What is the hundreds digit of g(-6)?
6
Suppose -24 = 2*g - 4*x, -2*x - 2*x = -3*g - 34. Let r(k) = 14*k**2 + 17*k + 9. What is the hundreds digit of r(g)?
2
Let v(d) = -21*d**3 + 3*d**2 + 21. Let t be v(-4). Suppose 0 = 30*w - 7983 + t. What is the tens digit of w?
1
Suppose -158629 - 174341 = -66*w. What is the units digit of w?
5
Let x(r) = -7*r**2 - 92*r - 12. Let n be x(-13). Let d(y) = 522*y**2 + 9*y - 8. What is the units digit of d(n)?
3
Let r = 49121 + -25525. What is the units digit of r?
6
Suppose s + l - 14 + 1 = 0, 3*s = 3*l + 33. Suppose -5036 = -4*a - 5*r, 7*r = 4*r - s. What is the hundreds digit of a?
2
Suppose 61*w + 352001 = 74*w. What is the hundreds digit of w?
0
Suppose -2*v + 3*f + 1392 = 0, -2405 = -3*v + 5*f - 317. Suppose -5*s + r = -0*s - 879, 0 = 4*s + r - v. What is the hundreds digit of s?
1
Let i(g) = -314*g - 300. What is the units digit of i(-8)?
2
What is the ten thousands digit of (1 + -9 + 4)/(8/(-24142))?
1
Let s = 232 + -232. Suppose 9*l - 1248 = 7*l - 4*k, l - 4*k - 648 = s. What is the units digit of l?
2
Let l(w) be the first derivative of w**6/120 - w**4/24 + w**3/2 + 11*w**2/2 + 8. Let g(q) be the second derivative of l(q). What is the tens digit of g(3)?
2
Let b(a) be the third derivative of 3/2*a**3 - 5/12*a**4 + 0*a - 7*a**2 + 1/30*a**5 + 0. What is the tens digit of b(7)?
3
Let i be 54*((-46)/(-3) - 6). Suppose -i = -2*h - 5*a + 1389, 1872 = 2*h - 2*a. What is the hundreds digit of h?
9
Let z(t) = 13*t + 11. Let y(h) = h**3 - 8*h**2 + 5*h + 2. Let n be y(8). Let d = -38 + n. What is the units digit of z(d)?
3
Let m(d) be the first derivative of d**3/3 - 5*d**2/2 + 6*d + 13. Let j be m(3). Suppose -3*a + 18 = 3*x, 4*a = 2*x - j*x - 6. What is the units digit of x?
5
Let q(d) be the second derivative of d**4/12 - 7*d**3/3 - 23*d**2/2 - d. Let a be q(16). Suppose 324 = a*p - 6*p. What is the hundreds digit of p?
1
Let u = 19388 + -11158. What is the hundreds digit of u?
2
Let p = 17371 - 8951. What is the tens digit of p?
2
Let y(j) = 10 - 151 - 6*j**2 + j + 3*j**2 + 4*j**2. What is the units digit of y(-14)?
1
Suppose 0 = -160*q + 168*q - 1992. Suppose -l + q = -556. What is the hundreds digit of l?
8
Suppose -3*f + 23 = 20, -3*j = -f - 52238. What is the thousands digit of j?
7
Let p = -338 - -338. Suppose p = -5*n - 27*n + 1152. What is the units digit of n?
6
What is the hundreds digit of 10568/9 + (-2)/9 - 273/(-39)?
1
Suppose 78 = -7*q + 20*q. What is the tens digit of 8/q - (-2 + (-3110)/3)?
4
Let k(r) = 84*r**3 - 8*r**2 + 18*r - 6. What is the thousands digit of k(3)?
2
What is the units digit of (1 - 0)*(-148 + 7241)?
3
Suppose -131*z + 4402302 = -103*z + 173*z. What is the ten thousands digit of z?
2
Suppose 2*c = 4054 - 1364. Let x = c + -587. What is the units digit of x?
8
Let v be (-229)/(-7) - 42/(-147). Let q = v + -35. What is the units digit of q*(-1)/((-2)/(-127))?
7
Let w(q) = 119*q**3 + 136*q**2 + 7*q - 35. What is the units digit of w(6)?
7
Let y(v) = -92*v + 271. Let g(a) = 31*a - 90. Let b(k) = -17*g(k) - 6*y(k). What is the tens digit of b(6)?
5
Let i = 522 + -1320. Let y = -609 - i. What is the tens digit of y?
8
Suppose 64 = 5*t - 4*r, 5*t - 4*r - 68 = -r. What is the tens digit of t?
1
Let g(n) = n**2 + 5*n + 8. Let m be g(-3). Suppose -2*b = -5*i + 7471, 770 + 2224 = 2*i + m*b. What is the units digit of i?
5
Suppose -r + 13 = -3*p, -5*r - 4*p = -0*r - 27. Suppose -r*n + 6*n = -2*d - 1758, -5268 = -3*n + 3*d. What is the thousands digit of n?
1
Suppose -77*t - 5*t + 362358 = 0. What is the thousands digit of t?
4
Let r(u) be the second derivative of 7*u**4/12 + u**2 + 17*u. Let i be r(3). Suppose -2*a + m + 32 = -i, 0 = 3*a + 5*m - 152. What is the tens digit of a?
4
What is the tens digit of (3805/3 - 1)/((-2)/(-27))?
0
Let z be 159*(5/5 - -2). Suppose z = 4*w - 523. Suppose -w = -4*k + 146. What is the units digit of k?
9
Let j(y) = -10*y**2 - 2*y - 70. Let i be j(-9). Let d = i - -1817. What is the tens digit of d?
5
Let p(c) = 3*c**3 + 8*c**2 - 4*c - 2. Let m be p(1). Suppose -m*z = -3445 - 935. What is the hundreds digit of z?
8
Suppose 17*j - 13868 - 672 = -1212. What is the units digit of j?
4
Let x = 129 - -128. Let f = x - -205. What is the tens digit of f?
6
Let k = 820 - 818. What is the thousands digit of 8743/14*(0/5 + k)?
1
Suppose -49*d + 47*d = -14. What is the hundreds digit of d*(-5)/(-35)*482?
4
Suppose 69*c - 711969 = -149274. What is the units digit of c?
5
Let g(s) = -s**2 - 18*s + 3. Let n be g(-6). Suppose -2048 = -83*k + n*k. What is the units digit of k?
6
Suppose 4*n - 34 - 38 = 0. What is the tens digit of (n/12)/((-9)/(-7710))?
8
Suppose 63*r = y + 66*r - 3308, -2*y - 5*r = -6615. What is the tens digit of y?
0
Let v = -19203 - -28885. What is the tens digit of v?
8
Suppose 5*k - 2*s - 32542 = 34884, k + 4*s - 13472 = 0. What is the thousands digit of k?
3
Suppose -19 = -b + 61. Let o = 966 + b. What is the units digit of o?
6
Let v = 12 - -2. Suppose 22 = -12*t + v*t. Let c = 27 - t. What is the units digit of c?
6
Suppose 188*t - 182*t - 3162 = 0. What is the units digit of t?
7
Suppose -4*b + 8075 = -4*a - 1977, 0 = -a - 2. What is the units digit of b?
1
Let x = 146 + -144. Suppose -x*w + 3872 = 20*w. What is the tens digit of w?
7
Let h(n) = -n**3 - 5*n**2 - 6*n. Let s be h(-3). Suppose -4*x + u = 291 - 1564, 5*x - 2*u - 1595 = s. Let r = -176 + x. What is the units digit of r?
1
Suppose -15*x + 18324 = -9*x. Let h be ((-2)/(-4))/(3/x). Suppose -220 = -9*a + h. What is the tens digit of a?
8
Suppose -27*g + 36118 = -3581 + 4221. What is the tens digit of g?
1
Suppose 10*c = 16 + 4. What is the units digit of (c - -160) + 3 + (-11 - -7)?
1
Let h(x) = -20*x**2 + 3 + 6*x + 6 - x**3 - 17 - 15. Let t be h(-21). Suppose 0 = -m + 5*m, -4*m = 4*a - t. What is the units digit of a?
3
Let d be (0 - -26)/(23/(-253)). Suppose 2*v - 1269 = -319. Let c = v + d. What is the units digit of c?
9
Suppose 3*h + 39 = -u, -3*u = 4*h + 105 + 7. Let l be ((-128)/12)/((-2)/(-6)). What is the units digit of (-2)/(l/u)*2*-10?
5
Suppose -5*u = -y + 4159, -187 = 5*u - 207. What is the tens digit of y?
7
Suppose l = 3*n - 839, 4*l - 3*n - 2124 = -5480. Let w = l + 1630. What is the hundreds digit of w?
7
What is the hundreds digit of 4/6 + (-155056)/(-12) + 58?
9
Let m = 31 - 67. Let t be (-8)/m + (-640)/(-36). Suppose 16*l + 8 = t*l. What is the units digit of l?
4
Let i(n) = -n**2. Let r(b) = 5*b**2 - 2*b - 5. Let k(c) = -4*i(c) - r(c). Let h be k(-5). What is the tens digit of (-3)/6*(-5)/(h/(-3228))?
6
Suppose 5*i = -2*g + 43564, -i - 4247 = 4*g - 91411. What is the hundreds digit of g?
7
Let s = -11 + 12. Let z(b) = 79*b**3 - b**2 + 2*b - 1. Let o be z(s). Suppose 0 = -2*l + 75 + o. What is the units digit of l?
7
Let c(q) = -500*q + 639. What is the units digit of c(-4)?
9
Let i(f) = f**3 + 8*f**2 - 21*f - 25. Let d be i(-10). Let y = 91 - d. What is the units digit of y?
6
Suppose 67 = -4*q + 83. Suppose 45 = q*b + 65. What is the hundreds digit of (-815)/b + -1 + -3?
1
Suppose -37*s - 22 = -96. What is the hundreds digit of (s + -7 - -5) + 556?
5
Let l(p) = 6*p + 142. Suppose 8*a - 11*a = 2*n + 53, 3*n = -a - 27. What is the tens digit of l(a)?
5
Suppose 0 = 103*a - 93*a - 176 - 53664. What is the thousands digit of a?
5
Suppose -3*a + 2*a - 2 = -2*w, -a - 2 = -3*w. Suppose -c = -4*n + 41, w = n + 3*c + c + 11. Suppose -n*q + 7*q + 94 = 0. What is the tens digit of q?
4
Let l(n) = 721*n + 5425. What is the units digit of l(68)?
3
Let z = 9767 - 4552. What is the units digit of z?
5
Let u(o) =